
{"id":588,"date":"2020-02-19T07:55:59","date_gmt":"2020-02-19T07:55:59","guid":{"rendered":"https:\/\/www.sandypower.ch\/web\/?page_id=588"},"modified":"2020-04-27T15:25:18","modified_gmt":"2020-04-27T15:25:18","slug":"faszien-behandlungen","status":"publish","type":"page","link":"https:\/\/www.sandypower.ch\/web\/faszien-behandlungen\/","title":{"rendered":"Faszien-Behandlungen"},"content":{"rendered":"\n<div class=\"wp-block-media-text alignwide is-vertically-aligned-top\"><figure class=\"wp-block-media-text__media\"><img loading=\"lazy\" decoding=\"async\" width=\"1024\" height=\"683\" src=\"https:\/\/www.sandypower.ch\/web\/wp-content\/uploads\/2020\/02\/faszien_nackenbehandlung-1024x683.jpg\" alt=\"\" class=\"wp-image-590\" srcset=\"https:\/\/www.sandypower.ch\/web\/wp-content\/uploads\/2020\/02\/faszien_nackenbehandlung-1024x683.jpg 1024w, https:\/\/www.sandypower.ch\/web\/wp-content\/uploads\/2020\/02\/faszien_nackenbehandlung-300x200.jpg 300w, https:\/\/www.sandypower.ch\/web\/wp-content\/uploads\/2020\/02\/faszien_nackenbehandlung-768x512.jpg 768w, https:\/\/www.sandypower.ch\/web\/wp-content\/uploads\/2020\/02\/faszien_nackenbehandlung-1536x1024.jpg 1536w, https:\/\/www.sandypower.ch\/web\/wp-content\/uploads\/2020\/02\/faszien_nackenbehandlung-2048x1365.jpg 2048w, https:\/\/www.sandypower.ch\/web\/wp-content\/uploads\/2020\/02\/faszien_nackenbehandlung-830x553.jpg 830w, https:\/\/www.sandypower.ch\/web\/wp-content\/uploads\/2020\/02\/faszien_nackenbehandlung-230x153.jpg 230w, https:\/\/www.sandypower.ch\/web\/wp-content\/uploads\/2020\/02\/faszien_nackenbehandlung-350x233.jpg 350w, https:\/\/www.sandypower.ch\/web\/wp-content\/uploads\/2020\/02\/faszien_nackenbehandlung-480x320.jpg 480w\" sizes=\"auto, (max-width: 1024px) 100vw, 1024px\" \/><\/figure><div class=\"wp-block-media-text__content\">\n<p>Was sind Faszien? Faszien sind aus dem Lateinischen \u00abfascia\u00bb = Bind, Band, Bandage = Bindegewebe. Es sind Fasern in einem 3-dimensionalen Netz, das sich \u00fcber den ganzen K\u00f6rper durchzieht, aber auch in den Knorpeln, den Knochen, den Gelenken, den Sehnen, den Muskeln und den Organen, einschliesslich des Gehirns und des R\u00fcckenmarks. Ohne Faszien verl\u00f6ren die Muskeln ihre Form, die Knochen ihren Halt und w\u00fcrden die Organe im K\u00f6rperinnern herumpurzeln.<\/p>\n\n\n\n<p>Faszien reagieren empfindlich auf verschiedene Reize, darunter Stress, \u00dcberlastung durch zu viel Sport ebenso wie Unterforderung durch Bewegungsmangel. Unter solchen Bedingungen verdicken, verkleben und verfilzen sich die elastischen Faszien und senden Signale an die Muskeln mit der Folge, dass diese Entz\u00fcndungsstoffe aussch\u00fctten.<\/p>\n\n\n\n<p>Mit einer Faszienbehandlung k\u00f6nnen k\u00f6rperliche Beschwerden und Funktionseinschr\u00e4nkungen durch verschiedene Behandlungsmethoden effektiv, teils messbar behandelt werden.<\/p>\n\n\n\n<p>Meine Behandlungsmethoden sind von folgenden Methoden abgeleitet:<\/p>\n\n\n\n<ul class=\"wp-block-list\"><li>FDM-Fasziendistorsialmodel nach Typaldos<\/li><\/ul>\n\n\n\n<ul class=\"wp-block-list\"><li>Anatomie Trains nach Th. W. Myers<\/li><\/ul>\n\n\n\n<ul class=\"wp-block-list\"><li>Dr. Robert Schleip<\/li><\/ul>\n\n\n\n<p><\/p>\n<\/div><\/div>\n\n\n\n<p><\/p>\n\n\n\n<p>Buchen Sie jetzt Ihren Massage-<a rel=\"noreferrer noopener\" href=\"https:\/\/connect.shore.com\/bookings\/zuber-sandra\/services?locale=de&amp;origin=standalone\" target=\"_blank\">Termin online<\/a> oder <a href=\"https:\/\/www.sandypower.ch\/web\/kontakt\/\">kontaktieren<\/a> Sie mich bei Fragen zu meinem Angebot.<\/p>\n","protected":false},"excerpt":{"rendered":"<p>Was sind Faszien? Faszien sind aus dem Lateinischen \u00abfascia\u00bb = Bind, Band, Bandage = Bindegewebe. Es sind Fasern in einem 3-dimensionalen Netz, [&hellip;]<\/p>\n","protected":false},"author":1,"featured_media":0,"parent":0,"menu_order":0,"comment_status":"closed","ping_status":"closed","template":"","meta":{"footnotes":""},"class_list":["post-588","page","type-page","status-publish","hentry"],"_links":{"self":[{"href":"https:\/\/www.sandypower.ch\/web\/wp-json\/wp\/v2\/pages\/588","targetHints":{"allow":["GET"]}}],"collection":[{"href":"https:\/\/www.sandypower.ch\/web\/wp-json\/wp\/v2\/pages"}],"about":[{"href":"https:\/\/www.sandypower.ch\/web\/wp-json\/wp\/v2\/types\/page"}],"author":[{"embeddable":true,"href":"https:\/\/www.sandypower.ch\/web\/wp-json\/wp\/v2\/users\/1"}],"replies":[{"embeddable":true,"href":"https:\/\/www.sandypower.ch\/web\/wp-json\/wp\/v2\/comments?post=588"}],"version-history":[{"count":7,"href":"https:\/\/www.sandypower.ch\/web\/wp-json\/wp\/v2\/pages\/588\/revisions"}],"predecessor-version":[{"id":642,"href":"https:\/\/www.sandypower.ch\/web\/wp-json\/wp\/v2\/pages\/588\/revisions\/642"}],"wp:attachment":[{"href":"https:\/\/www.sandypower.ch\/web\/wp-json\/wp\/v2\/media?parent=588"}],"curies":[{"name":"wp","href":"https:\/\/api.w.org\/{rel}","templated":true}]}}