
{"id":246,"date":"2020-02-11T13:12:48","date_gmt":"2020-02-11T13:12:48","guid":{"rendered":"https:\/\/www.sandypower.ch\/web\/?page_id=246"},"modified":"2020-02-17T10:39:32","modified_gmt":"2020-02-17T10:39:32","slug":"dorn-therapie","status":"publish","type":"page","link":"https:\/\/www.sandypower.ch\/web\/dorn-therapie\/","title":{"rendered":"Dorn-Therapie"},"content":{"rendered":"\n<div class=\"wp-block-columns is-layout-flex wp-container-core-columns-is-layout-9d6595d7 wp-block-columns-is-layout-flex\">\n<div class=\"wp-block-column is-layout-flow wp-block-column-is-layout-flow\">\n<figure class=\"wp-block-image size-large\"><img loading=\"lazy\" decoding=\"async\" width=\"982\" height=\"1024\" src=\"https:\/\/www.sandypower.ch\/web\/wp-content\/uploads\/2020\/02\/dorn-methode-982x1024.jpg\" alt=\"\" class=\"wp-image-267\" srcset=\"https:\/\/www.sandypower.ch\/web\/wp-content\/uploads\/2020\/02\/dorn-methode-982x1024.jpg 982w, https:\/\/www.sandypower.ch\/web\/wp-content\/uploads\/2020\/02\/dorn-methode-288x300.jpg 288w, https:\/\/www.sandypower.ch\/web\/wp-content\/uploads\/2020\/02\/dorn-methode-768x801.jpg 768w, https:\/\/www.sandypower.ch\/web\/wp-content\/uploads\/2020\/02\/dorn-methode-1472x1536.jpg 1472w, https:\/\/www.sandypower.ch\/web\/wp-content\/uploads\/2020\/02\/dorn-methode-1963x2048.jpg 1963w, https:\/\/www.sandypower.ch\/web\/wp-content\/uploads\/2020\/02\/dorn-methode-830x866.jpg 830w, https:\/\/www.sandypower.ch\/web\/wp-content\/uploads\/2020\/02\/dorn-methode-230x240.jpg 230w, https:\/\/www.sandypower.ch\/web\/wp-content\/uploads\/2020\/02\/dorn-methode-350x365.jpg 350w, https:\/\/www.sandypower.ch\/web\/wp-content\/uploads\/2020\/02\/dorn-methode-480x501.jpg 480w\" sizes=\"auto, (max-width: 982px) 100vw, 982px\" \/><\/figure>\n<\/div>\n\n\n\n<div class=\"wp-block-column is-layout-flow wp-block-column-is-layout-flow\">\n<p>Ist eine sanfte Wirbel- und Gelenktherapie nach Dorn (Die Dorn-Therapie, auch \u201eDorn-Methode\u201c genannt, ist eine von dem Landwirt und S\u00e4gewerks-Betreiber Dieter Dorn).<br>\n  Eine \u00e4usserst wirksame Methode \u2013 rund 80 Prozent aller R\u00fccken- und Gelenkprobleme vermag sie zu l\u00f6sen. Auch Kopfschmerzen und organische Leiden verschwinden oft schon nach wenigen Behandlungen. <br>\n  Der DORN-Therapeut kann durch Abtasten verdrehte Wirbel erkennen und diese unter Mithilfe des Patienten, der sich entsprechend bewegen muss, in die richtige Position bringen. Darauf lassen die Beschwerden erstaunlich schnell nach! Die Therapie ist absolut ruckfrei und kaum schmerzhaft! Viele Patienten kommen schmerzgekr\u00fcmmt in die Praxis und verlassen sie leichten Schrittes wieder!<br>\n  Kommt ein Patient innerhalb weniger Tage nach einem pl\u00f6tzlichen Schmerz-Eintritt zur DORN-Behandlung, gen\u00fcgen meist eine bis zwei Behandlungen bis der Schmerz dauerhaft wegbleibt, denn die Muskulatur ist noch an die richtige Wirbelstellung gewohnt. Bestehen Fehlstellungen schon l\u00e4nger, k\u00f6nnen mehrere Behandlungen n\u00f6tig sein bis die Muskulatur wieder an die richtige Stellung angepasst ist.<br>\n  Eine DORN-Behandlung kann aber nur dann wirklich zur Schmerzfreiheit f\u00fchren, wenn der Patient seine Selbsthilfe-\u00dcbungen \u00fcber einen gewissen Zeitraum t\u00e4glich durchf\u00fchrt. Diese sind je nach Fehlstellungsgrad in 2 bis 5 Minuten erledigt.<br>\n  Da irritierte Nerven nicht nur Muskelschmerzen erzeugen, sondern auch Funktionen von Organen beeintr\u00e4chtigen k\u00f6nnen, hilft die DORN-Therapie auch bei vielen organisch bedingten Beschwerden!<\/p>\n<\/div>\n<\/div>\n\n\n\n<p><\/p>\n\n\n\n<p><\/p>\n\n\n\n<p>Buchen Sie jetzt Ihren Massage-<a href=\"https:\/\/connect.shore.com\/bookings\/zuber-sandra\/services?locale=de&amp;origin=standalone\" target=\"_blank\" rel=\"noreferrer noopener\" aria-label=\" (\u00f6ffnet in einem neuem Tab)\">Termin online<\/a> oder <a href=\"https:\/\/www.sandypower.ch\/web\/kontakt\/\">kontaktieren<\/a> Sie mich bei Fragen zu meinem Angebot.<\/p>\n","protected":false},"excerpt":{"rendered":"<p>Ist eine sanfte Wirbel- und Gelenktherapie nach Dorn (Die Dorn-Therapie, auch \u201eDorn-Methode\u201c genannt, ist eine von dem Landwirt und S\u00e4gewerks-Betreiber Dieter Dorn). [&hellip;]<\/p>\n","protected":false},"author":1,"featured_media":0,"parent":0,"menu_order":0,"comment_status":"closed","ping_status":"closed","template":"","meta":{"footnotes":""},"class_list":["post-246","page","type-page","status-publish","hentry"],"_links":{"self":[{"href":"https:\/\/www.sandypower.ch\/web\/wp-json\/wp\/v2\/pages\/246","targetHints":{"allow":["GET"]}}],"collection":[{"href":"https:\/\/www.sandypower.ch\/web\/wp-json\/wp\/v2\/pages"}],"about":[{"href":"https:\/\/www.sandypower.ch\/web\/wp-json\/wp\/v2\/types\/page"}],"author":[{"embeddable":true,"href":"https:\/\/www.sandypower.ch\/web\/wp-json\/wp\/v2\/users\/1"}],"replies":[{"embeddable":true,"href":"https:\/\/www.sandypower.ch\/web\/wp-json\/wp\/v2\/comments?post=246"}],"version-history":[{"count":4,"href":"https:\/\/www.sandypower.ch\/web\/wp-json\/wp\/v2\/pages\/246\/revisions"}],"predecessor-version":[{"id":561,"href":"https:\/\/www.sandypower.ch\/web\/wp-json\/wp\/v2\/pages\/246\/revisions\/561"}],"wp:attachment":[{"href":"https:\/\/www.sandypower.ch\/web\/wp-json\/wp\/v2\/media?parent=246"}],"curies":[{"name":"wp","href":"https:\/\/api.w.org\/{rel}","templated":true}]}}